est common factor of u and 108?
4
Let r = 14987 + -14917. Calculate the greatest common divisor of 38990 and r.
70
Let b be ((-12)/114 + 2442/(-3515))*(-365)/2. Calculate the greatest common divisor of 5767 and b.
73
Suppose 3*r - 4*y - 2774 - 3104 = 0, -3*r - y = -5873. What is the greatest common divisor of r and 418?
22
Let m be (18/42)/(1/(-7)). Let d be (30/(-4))/5*20/m. What is the highest common divisor of 70 and d?
10
Let r(a) = 17*a**2 - 1. Let s be r(1). Suppose -7*m - 514 - 1054 = 0. Let n = 226 + m. What is the highest common divisor of s and n?
2
Let f = -7475 + 11681. Suppose 41*j - 837 - f = 0. Calculate the highest common factor of j and 6.
3
Suppose t - 3*s = 1613 + 558, 2*s - 10770 = -5*t. What is the greatest common factor of t and 44?
44
Let t = 738 - 679. Let d(a) = a + 8. Let f be d(-6). Suppose -f*z - 3 = -t. Calculate the highest common divisor of z and 14.
14
Let x(u) = 17*u**2 + 91*u + 49. Let l be x(-5). Suppose 369 = 4*c - 2063. Calculate the highest common factor of c and l.
19
Let o be (-12)/(-9) - 3 - 25/(525/(-9212)). What is the highest common divisor of 92 and o?
23
Let p(g) = 152*g - 69. Let i be p(4). Calculate the highest common factor of i and 49.
49
Suppose 262 = 5*n - z, 2*n - 154 = -n - z. Let g = 446 + -409. Let f = n - g. Calculate the highest common divisor of f and 135.
15
Suppose -11*x + 14*x - 375 = -4*u, 3*u - 276 = -4*x. What is the greatest common factor of u and 2256?
48
Suppose 2*u - 115 = -5*m, 4*m - 3*m + u - 26 = 0. Let v = 8584 - 8575. What is the greatest common factor of v and m?
3
Suppose 2*y - 188 = 3*v, -161*v + 160*v = -4. What is the highest common factor of y and 180?
20
Let p(r) = r**2 - 4*r + 9. Suppose 11*g - 19 - 14 = 0. Let j be p(g). What is the greatest common factor of 42 and j?
6
Suppose 4*s - 60 = -s + 5*h, 12 = s + 2*h. What is the highest common factor of 132 and s?
12
Suppose -2*x = w - 293, 0 = 2*x - 7*w + 5*w - 296. What is the greatest common factor of x and 3381?
147
Suppose -7*v + 31*v = 72. Suppose 3*j - 126 = -3*p, v*p + 2*j - 209 = -84. Calculate the greatest common factor of p and 123.
41
Let w be 705 - (-1 + -2 + 0). Let u = -483 + w. Calculate the greatest common divisor of u and 9.
9
Let n(w) = -w**3 + 3*w**2 - 4*w - 1. Let u be n(-3). Suppose 24*f + 455 - 1703 = 0. Calculate the highest common divisor of u and f.
13
Let s be (-9360)/(-96)*8/1. Calculate the greatest common factor of s and 26.
26
Let p be 6 + (-7)/21*(-2 + -4). Suppose p*x - 168 = 2*x. Let w be (54 - x)*2/(-8)*-2. Calculate the highest common divisor of 13 and w.
13
Let s = -149 - -87. Let l = s - -67. Let w be 8/3*(11 - l). Calculate the greatest common divisor of w and 16.
16
Suppose -m + 0*m + 80 = 0. Let o be (11/(-33))/(3/(1 + -145)). Calculate the highest common factor of o and m.
16
Suppose 3*u + 7 = 5*u + 3*w, -3*u - 5*w = -11. Suppose 2*z = -3*v + 146, -26*v = z - 29*v - 100. Calculate the greatest common factor of u and z.
2
Suppose 31*q - 8*q - 1056 = 12*q. Calculate the highest common divisor of q and 4832.
32
Let g be (-3)/9 - (-26)/6. Let l be 255*(33/5 + -6). Suppose 0 = 3*s + 21 - l. Calculate the greatest common factor of g and s.
4
Let y = -1 + 19. Let h be -68*(12/8)/3. Let o = 52 + h. Calculate the greatest common divisor of o and y.
18
Let k(m) = 91*m. Let h be k(1). Suppose 0 = 3*y + 2*v - 49, -2*v = 35*y - 39*y + 42. Calculate the greatest common factor of y and h.
13
Suppose -328 = -19*k + 489. What is the greatest common factor of k and 13459?
43
Suppose -17*o + 9617 + 5190 = 0. What is the greatest common divisor of o and 134?
67
Let o(y) = y + 377. Let f be o(-3). Suppose -4*j = 13 - 49. Let g = j - -25. What is the greatest common factor of f and g?
34
Suppose 0*b + 3*b = 3*d, 2*b + 4*d = 18. Let u(l) = 10*l**3 + 7*l**2 - l - 5. Let m be u(b). What is the greatest common divisor of m and 39?
13
Let x(l) = -l**2 + 64*l + 275. Let r be x(0). What is the highest common divisor of 1250 and r?
25
Suppose -4*i + 13815 = 5*d - 0*i, 0 = 5*i - 25. What is the greatest common factor of 267 and d?
89
Let o = 110 - 100. Suppose -o*f + 189 = -3*f. Calculate the greatest common factor of f and 27.
27
Suppose -5*b - 3*x = 457, -2*x = -4*b - 0*b - 348. Let h = b - -99. Let l = h - -4. What is the greatest common factor of l and 35?
7
Suppose j - 304 = v, 2*v - 3*j + 611 = -4*j. Let f = v - -329. Calculate the greatest common divisor of 264 and f.
24
Suppose -42*b - 2160 + 12583 = -22757. Calculate the highest common divisor of 30 and b.
10
Suppose 6*t + s = 3*t + 651, -3*t + 663 = 5*s. Let b = t + -170. What is the highest common divisor of 414 and b?
46
Suppose -142*n = -141*n - 1, 4*n = -5*q + 41479. Calculate the greatest common divisor of q and 105.
105
Suppose 14*w - 100372 = -57402 + 132590. Calculate the highest common factor of w and 180.
60
Let u = 10748 + -9487. What is the greatest common divisor of 485 and u?
97
Suppose -2*o - 474 = o. Let s be (o/(-3))/2*(-15 + 18). Calculate the highest common divisor of 632 and s.
79
Suppose -11*h - 13949 = -43*h - 5*h. What is the greatest common factor of 637 and h?
13
Let z = -156 + 161. Suppose -4*u - z*h = 1 - 89, 3*u = -5*h + 66. What is the greatest common divisor of u and 143?
11
Let k(z) = -7*z**3 - 15 + 8*z**3 + 11*z - 7*z + 14*z - 15*z**2. Let u be k(14). Suppose 116 = -37*n + u*n. Calculate the highest common factor of n and 319.
29
Let u = 37 - -16. Let h = u - 42. What is the highest common divisor of 11 and h?
11
Let d(z) = z**3 + 3*z**2 - 24*z - 11. Let l be d(-6). Let c be ((-104)/(-40) + -2)*l. Calculate the greatest common divisor of c and 255.
15
Let g = 2715 + -2483. What is the greatest common factor of 1056 and g?
8
Suppose -m = 1 - 100. Suppose 14243 = 49*c + 2924. Calculate the highest common divisor of c and m.
33
Let r = -21082 + 29219. What is the highest common divisor of r and 309?
103
Suppose 5*r - 5*v = -115, 7*r - 2*v + 112 = 2*r. Let a = 55 + -22. Let n = a + r. Calculate the greatest common factor of 55 and n.
11
Suppose -12*m + 8448 = 3316 - 7432. Calculate the highest common factor of 3 and m.
3
Let l be (-8360)/(-165)*(-258)/(-8). Calculate the highest common factor of l and 38.
38
Let d(a) = -a**3 + 19*a**2 + 84*a - 140. Let s be d(22). Suppose v + 24 = 2*v - 2*w, -v + 40 = 2*w. What is the highest common factor of v and s?
32
Let v be (-5)/(-1)*(-1092)/(-12). What is the greatest common factor of v and 15?
5
Suppose -164*l + 1385 + 2899 = -147*l. What is the highest common factor of 90 and l?
18
Let j be (10/3)/(3/(-80496)*-13). What is the greatest common factor of 560 and j?
80
Suppose 3*p = -4*c + 23, 2*c + c - 14 = p. Let a = 23 + c. Let r be (-1232)/(-6)*3/2. What is the highest common factor of r and a?
28
Suppose 45 = -20*c + 285. Let k be 200/c - -4 - (-4)/12. Calculate the greatest common factor of k and 189.
21
Let b(i) = -3*i**3 - 2*i**2 - 2*i - 18. Let m be b(-4). Suppose 90 + m = 12*p. Suppose 4*w - p = -w. Calculate the highest common divisor of 10 and w.
2
Let r be 1 + -24 - (-16651 - 77). What is the highest common divisor of r and 130?
65
Let k = 842 - 838. Let w be (775/50)/(k/168). Calculate the greatest common factor of 21 and w.
21
Let u = 272 - 168. Suppose -16*v = -13*v - 24. What is the greatest common factor of v and u?
8
Let n(u) = -u**3 + 36*u**2 - 92*u + 181. Let m be n(29). What is the greatest common divisor of m and 408?
136
Suppose -14*t - 7*t - 14*t = -31955. What is the highest common factor of t and 99?
11
Let t be -3 + (-32205)/(-15) + 1. What is the highest common factor of t and 15?
15
Let q(y) = 59*y + 4. Let m be q(-2). Let i be 14*(m/(-48))/(1/4). Let c = -41 + 60. What is the highest common factor of i and c?
19
Suppose 28 - 39 = -b. Let o be (-1 + 2)*-1 - 4*b. Let m be (-4)/(-3)*(-4)/(40/o). Calculate the greatest common divisor of 12 and m.
6
Let q = 1191 - 792. Let p = q - 278. Calculate the greatest common factor of p and 11.
11
Suppose 0 = 2*k + 24 - 96. Suppose 115*l + 578 - 2045 = -48*l. Calculate the greatest common divisor of k and l.
9
Let j = -232 - -242. Suppose -3*b = 2*b. Suppose b = j*y - 1009 + 109. Calculate the highest common factor of y and 10.
10
Let r = -436 + 157. Let z = -126 - r. Calculate the greatest common factor of z